by 15?
14
What is the remainder when 75 is divided by 67?
8
Calculate the remainder when 206 is divided by 51.
2
Calculate the remainder when 3770 is divided by 82.
80
What is the remainder when 370 is divided by 150?
70
What is the remainder when 532 is divided by 107?
104
What is the remainder when 74 is divided by 23?
5
What is the remainder when 635 is divided by 71?
67
What is the remainder when 30 is divided by 11?
8
Calculate the remainder when 103 is divided by 28.
19
Calculate the remainder when 9927 is divided by 136.
135
Calculate the remainder when 1365 is divided by 6.
3
Calculate the remainder when 1685 is divided by 188.
181
What is the remainder when 239 is divided by 92?
55
What is the remainder when 340 is divided by 57?
55
What is the remainder when 94 is divided by 40?
14
What is the remainder when 2863 is divided by 239?
234
Calculate the remainder when 1151 is divided by 55.
51
Calculate the remainder when 423 is divided by 111.
90
Calculate the remainder when 8 is divided by 7.
1
What is the remainder when 506 is divided by 226?
54
What is the remainder when 298 is divided by 33?
1
What is the remainder when 169 is divided by 31?
14
What is the remainder when 2127 is divided by 236?
3
Calculate the remainder when 113 is divided by 75.
38
What is the remainder when 150 is divided by 38?
36
What is the remainder when 16 is divided by 4?
0
Calculate the remainder when 3400 is divided by 27.
25
What is the remainder when 421 is divided by 9?
7
Calculate the remainder when 226 is divided by 46.
42
What is the remainder when 151 is divided by 4?
3
Calculate the remainder when 8743 is divided by 15.
13
Calculate the remainder when 92 is divided by 3.
2
Calculate the remainder when 330 is divided by 5.
0
Calculate the remainder when 10041 is divided by 1672.
9
Calculate the remainder when 888 is divided by 221.
4
Calculate the remainder when 427 is divided by 149.
129
Calculate the remainder when 4049 is divided by 193.
189
Calculate the remainder when 35 is divided by 19.
16
Calculate the remainder when 6876 is divided by 80.
76
Calculate the remainder when 2414 is divided by 10.
4
Calculate the remainder when 11639 is divided by 17.
11
Calculate the remainder when 351 is divided by 67.
16
What is the remainder when 439 is divided by 20?
19
Calculate the remainder when 38 is divided by 19.
0
What is the remainder when 917 is divided by 40?
37
Calculate the remainder when 2282 is divided by 756.
14
Calculate the remainder when 534 is divided by 299.
235
What is the remainder when 21 is divided by 10?
1
What is the remainder when 1403 is divided by 54?
53
Calculate the remainder when 201 is divided by 34.
31
Calculate the remainder when 81 is divided by 25.
6
Calculate the remainder when 299 is divided by 135.
29
What is the remainder when 68 is divided by 5?
3
What is the remainder when 896 is divided by 12?
8
Calculate the remainder when 198 is divided by 22.
0
What is the remainder when 35 is divided by 15?
5
What is the remainder when 1905 is divided by 74?
55
What is the remainder when 331 is divided by 69?
55
Calculate the remainder when 17 is divided by 14.
3
What is the remainder when 376 is divided by 21?
19
What is the remainder when 2013 is divided by 28?
25
Calculate the remainder when 78 is divided by 20.
18
Calculate the remainder when 998 is divided by 56.
46
What is the remainder when 73 is divided by 39?
34
What is the remainder when 637 is divided by 46?
39
What is the remainder when 184 is divided by 18?
4
What is the remainder when 50 is divided by 34?
16
Calculate the remainder when 1304 is divided by 324.
8
What is the remainder when 310 is divided by 106?
98
Calculate the remainder when 989 is divided by 126.
107
What is the remainder when 381 is divided by 17?
7
What is the remainder when 3306 is divided by 7?
2
What is the remainder when 60 is divided by 35?
25
What is the remainder when 105 is divided by 54?
51
What is the remainder when 7705 is divided by 47?
44
What is the remainder when 726 is divided by 26?
24
Calculate the remainder when 1777 is divided by 201.
169
Calculate the remainder when 4839 is divided by 11.
10
Calculate the remainder when 16574 is divided by 54.
50
What is the remainder when 375 is divided by 14?
11
Calculate the remainder when 1299 is divided by 132.
111
What is the remainder when 1124 is divided by 154?
46
Calculate the remainder when 662 is divided by 52.
38
What is the remainder when 1959 is divided by 82?
73
What is the remainder when 189 is divided by 44?
13
What is the remainder when 247 is divided by 83?
81
What is the remainder when 302 is divided by 22?
16
Calculate the remainder when 104 is divided by 27.
23
What is the remainder when 20 is divided by 8?
4
What is the remainder when 984 is divided by 17?
15
Calculate the remainder when 524 is divided by 150.
74
What is the remainder when 263 is divided by 84?
11
What is the remainder when 25 is divided by 2?
1
Calculate the remainder when 51 is divided by 45.
6
Calculate the remainder when 391 is divided by 19.
11
What is the remainder when 472 is divided by 43?
42
What is the remainder when 758 is divided by 188?
6
What is the remainder when 1763 is divided by 234?
125
What is the remainder when 103 is divided by 58?
45
Calculate the remainder when 602 is divided by 122.
114
What is the remainder when 3853 is divided by 29?
25
What is the remainder when 791 is divided by 56?
7
What is the remainder when 143 is divided by 53?
37
What is the remainder when 236 is divided by 21?
5
What is the remainder when 551 is divided by 69?
68
What is the remainder when 64 is divided by 60?
4
What is the remainder when 872 is divided by 88?
80
Calculate the remainder when 763 is divided by 222.
97
Calculate the remainder when 355 is divided by 18.
13
Calculate the remainder when 421 is divided by 30.
1
Calculate the remainder when 1039 is divided by 65.
64
Calculate the remainder when 2616 is divided by 1301.
14
Calculate the remainder when 522 is divided by 154.
60
What is the remainder when 85 is divided by 17?
0
Calculate the remainder when 168 is divided by 30.
18
Calculate the remainder when 11 is divided by 7.
4
What is the remainder when 162 is divided by 97?
65
Calculate the remainder when 424 is divided by 65.
34
What is the remainder when 220 is divided by 48?
28
What is the remainder when 9814 is divided by 427?
420
Calculate the remainder when 386 is divided by 97.
95
Calculate the remainder when 1263 is divided by 79.
78
Calculate the remainder when 1589 is divided by 53.
52
Calculate the remainder when 1258 is divided by 15.
13
Calculate the remainder when 440 is divided by 50.
40
What is the remainder when 8 is divided by 4?
0
What is the remainder when 1498 is divided by 9?
4
Calculate the remainder when 557 is divided by 33.
29
What is the remainder when 46 is divided by 8?
6
Calculate the remainder when 3102 is divided by 115.
112
What is the remainder when 1658 is divided by 167?
155
Calculate the remainder when 429 is divided by 16.
13
What is the remainder when 635 is divided by 27?
14
What is the remainder when 1725 is divided by 53?
29
What is the remainder when 504 is divided by 45?
9
What is the remainder when 1007 is divided by 198?
17
Calculate the remainder when 80 is divided by 26.
2
Calculate the remainder when 71 is divided by 45.
26
What is the remainder when 146 is divided by 15?
11
What is the remainder when 146 is divided by 38?
32
What is the remainder when 883 is divided by 58?
13
Calculate the remainder when 355 is divided by 49.
12
What is the remainder when 9038 is divided by 8?
6
What is the remainder when 47 is divided by 44?
3
What is the remainder when 1235 is divided by 11?
3
What is the remainder when 8979 is divided by 2993?
0
Calculate the remainder when 123 is divided by 65.
58
Calculate the remainder when 1322 is divided by 102.
98
Calculate the remainder when 52 is divided by 7.
3
What is the remainder when 111 is divided by 25?
11
What is the remainder when 1005 is divided by 48?
45
Calculate the remainder when 92 is divided by 31.
30
What is the remainder when 174 is divided by 25?
24
Calculate the remainder when 18797 is divided by 11.
9
Calculate the remainder when 11